-89. Let u(h) = -h**2 + 11*h - 28. Let g be u(m). Suppose g*d = -3*d + 220. List the prime factors of d.
2, 11
Let n(l) = 15*l**2 + 690*l - 215. List the prime factors of n(-62).
5, 7, 419
Let m = 24 + -22. Let l(r) = 63 - 31 - 30 - 2*r + 11*r**m. List the prime factors of l(3).
5, 19
Let m be (36/(-6))/((-22)/(-20) + -1). Let s = 1883 - m. What are the prime factors of s?
29, 67
Suppose -64100 + 51396 - 512976 = -40*s. List the prime factors of s.
2, 6571
Let l = -89 - -154. Suppose 5*v - l = -85. List the prime factors of ((-219)/(-12))/((-1)/v).
73
Let u(z) = -172*z + 6. Let a be u(-5). Let m = a + -595. What are the prime factors of m?
271
Suppose 14 = -u + 7. Let w(q) = -102*q - 86. List the prime factors of w(u).
2, 157
What are the prime factors of ((-1677)/195 + 7)/(-1*2/15025)?
2, 5, 601
Let w(o) = 38*o**3 + 20*o**2 + 7*o - 9. Let x(k) = 13*k**3 + 7*k**2 + 3*k - 3. Let g(s) = -3*w(s) + 8*x(s). List the prime factors of g(-4).
3, 7
Suppose -449*n - 116 = -453*n. Suppose 0 = y - 4*s - 49, 0 = n*y - 31*y - 4*s + 74. What are the prime factors of y?
41
Let r(h) = -h**3 + h**2 + h + 125. Suppose -2*s - 44 = 2*s. Let t = 11 + s. List the prime factors of r(t).
5
List the prime factors of ((-64929)/(-12) - 6) + (44/(-16) - -3).
5, 23, 47
Let m be 360/(-84)*(1 - -55). Let y = 410 + m. Suppose 94 = r - y. List the prime factors of r.
2, 3, 11
What are the prime factors of ((-2376709)/(-1516))/(2/16)?
2, 6271
Suppose -3*y + 5*k = 20, -5*y - 14 = -3*y - 3*k. Let n(p) = 5*p**2 + 17*p + 173. What are the prime factors of n(y)?
503
Let w(q) = -637*q - 26. Let b be w(-7). Suppose 2*p - 13*p + b = 0. What are the prime factors of p?
13, 31
Let k be 70/((49/(-5320))/7). List the prime factors of 6/16 + k/(-128).
2, 13
Let i = 41 - -189. Let n = i + 48. What are the prime factors of n?
2, 139
What are the prime factors of (-1695)/(-9)*(-11808)/(-80)?
2, 3, 41, 113
Let z(i) = -2*i**2 + 3*i + 6. Let n be z(0). Let v be n/27 - ((-3082)/(-18) + -1). Let d = v + 260. List the prime factors of d.
2, 3, 5
Suppose -23*b + 190 = -4*b. Suppose 2*y = -b*d + 9*d + 1009, 2*y = -4*d + 4060. List the prime factors of d.
3, 113
Let m(i) be the second derivative of 2*i**2 + 9*i**3 - 17*i + 8*i - 5*i + 3*i**2. What are the prime factors of m(3)?
2, 43
Let m = -4139 - -17898. List the prime factors of m.
13759
Let k(y) = 79 - 24 - 3*y + 41. List the prime factors of k(-33).
3, 5, 13
Let b = -318 - -477. Let r = 484 + b. What are the prime factors of r?
643
Suppose 547 = 3*y - 137. Let w = 405 - y. What are the prime factors of w?
3, 59
Suppose -2*y + 11850 = -4*f, 1055*y - 1051*y - 23679 = 5*f. List the prime factors of y.
23, 257
Let o be (-1036)/(-8)*24/(-14). Let h = o - -552. What are the prime factors of h?
2, 3, 5, 11
Suppose 101*z + 566448 = 117*z. What are the prime factors of z?
3, 11801
Suppose 252*k - 971166 = 511*k - 301*k. What are the prime factors of k?
19, 1217
Let s = 8080 - -10575. What are the prime factors of s?
5, 7, 13, 41
Let w = 238 - 215. Suppose -w*b + b = -8448. What are the prime factors of b?
2, 3
Let b = 641 - 648. List the prime factors of (1305/(-3))/(b/7).
3, 5, 29
Suppose -16*n - 1085 = 6499. What are the prime factors of n/(-1 - 5)*13?
13, 79
Let l = 1244 - 581. Let u = l - 397. What are the prime factors of u?
2, 7, 19
Suppose -q = -2*u + 131, q + 168 + 167 = 5*u. Let b be 32/(-20)*(7 + -12). Suppose 9*z - u = b*z. List the prime factors of z.
2, 17
Suppose -c = 1, 3*c = -a - 0*c. Suppose 0 = -2*h + a*n + 123, 3*h - 172 - 10 = 4*n. List the prime factors of ((-16)/4 - -2) + 1 + h.
53
Let x(f) = -8*f**2 + 66*f - 12. Let p be x(8). Suppose 7*t - p*t - 3069 = 0. What are the prime factors of t?
3, 11, 31
List the prime factors of ((-633695)/140 - 9/12)/(3/(-21)).
2, 5, 3169
Suppose 6*m - 3*m + 108 = 0. Let c be ((-2)/(-2))/((-4)/m). Suppose -245 - 556 = -c*j. List the prime factors of j.
89
Let s(v) = 198*v**2 + 1. Let r = 579 + -581. What are the prime factors of s(r)?
13, 61
What are the prime factors of (-39574)/(-8)*(-528)/(-132)?
47, 421
List the prime factors of (-4344 - 34)*3/(-2).
3, 11, 199
Let f be (-2)/3 - 11/((-330)/(-10)). What are the prime factors of (f/(4/3600))/(1 - 2)?
2, 3, 5
Let w be (-5)/(-2) + -9 + 68/8. Suppose -g - 4*a + 205 = 0, -w*g + 6*a = 7*a - 431. What are the prime factors of g?
7, 31
Let w be ((-24)/(-21))/(-4) - (-273132)/21. List the prime factors of ((-13)/91)/((-2)/w).
929
Let l = -38 + 92. Suppose 2*n - 6*n + 611 = 5*q, 0 = 3*n - 5*q - 502. Suppose l - n = -x. What are the prime factors of x?
3, 5, 7
Let h = -40 + 43. Let y(d) = d**2 - 5*d + 8. Let g be y(h). Suppose g*n + a - 75 = 63, 5*n + 2*a = 343. What are the prime factors of n?
67
Suppose 652 = 4*q + 72. Suppose 3*x + z - 39 = 48, -3*z = 5*x - q. Suppose x*s = 33*s - 128. List the prime factors of s.
2
Let h = -1676 + 1765. Suppose 2*g = g + 14. Let m = g + h. What are the prime factors of m?
103
Suppose 73*o + 38*o = 19*o + 270020. List the prime factors of o.
5, 587
Let t(h) = -h**2 - 7*h - 7. Let c be t(-5). Suppose -4*p = -8*a + c*a + 5641, -3*p + 5613 = 5*a. What are the prime factors of a?
3, 5
Suppose -408*u = -403*u - 51790. List the prime factors of u.
2, 5179
Let i(s) = -3*s - 52 + 24 + 23. Let w be i(-3). What are the prime factors of (-8 + w)/((-2)/47)?
2, 47
Let x(j) = -7*j**2 - 136*j - 3. Suppose p + 11 = -2*q - 2, -5*q = -5. List the prime factors of x(p).
2, 3, 7, 11
Let z = 8957 - 2935. What are the prime factors of z?
2, 3011
Suppose 2*n = -4*m + 6*m + 10, 2*n + 3*m = 0. Suppose 224 = n*l - 4*z, -3*l + 0*z + 219 = -3*z. Let o = l + 1. What are the prime factors of o?
3, 23
Let p = 8276 - -1384. What are the prime factors of p?
2, 3, 5, 7, 23
Let v = 83399 + -18891. What are the prime factors of v?
2, 16127
Let d(g) = g**2 - 3*g - 28. Let x be d(7). Let f(p) = p**2 - 2*p + 77. Let i be f(x). Suppose -343 = -3*z + i. What are the prime factors of z?
2, 5, 7
Suppose -5*i + 1608 + 4102 = 0. Suppose -2212 = -4*s + 3*a, 2*a - i = -4*s + 1050. List the prime factors of s.
2, 5, 11
Let k(x) = 505*x**2 - 198*x - 1211. List the prime factors of k(-6).
67, 271
Let q(l) = -3*l - 82. Let w be q(22). Let t = -7 - w. What are the prime factors of t?
3, 47
Let v(t) = -2*t**2 + 53*t + 13. Let j be v(26). Suppose 1476 = 2*x + j*x. What are the prime factors of x?
2, 3
Let c(b) = -3*b + 34. Let l be c(12). Let v be 1/2*l*13. What are the prime factors of ((-2)/v - 132/13)*-25?
2, 5
Suppose -3*u + 8*l - 976 = -5197, -5672 = -4*u - 4*l. What are the prime factors of u?
5, 283
Let k(q) = 398*q**2 - 6*q + 6. Let i be k(-2). Suppose -3*z - 640 = -5*z - u, 0 = 5*z + 5*u - i. List the prime factors of z.
2, 3, 53
Suppose -98*d = 76*d - 1250364. What are the prime factors of d?
2, 3593
Let c(g) = -g**3 + 23*g**2 - g + 22. Suppose 0 = -22*s + 9*s + 286. What are the prime factors of c(s)?
2, 11
Suppose 5*p = 2*p - q + 5, 20 = 3*p + 4*q. Suppose 3*h + 5*l = 4 - p, 0 = -2*l - 2. Suppose 0 = -h*k - 0*k + 108. List the prime factors of k.
2, 3
Let a = 193 - 189. Suppose 0 = a*g - 930 - 1218. What are the prime factors of g?
3, 179
Let n(b) = 2*b**2 + 4*b - 1. Let m be n(-3). Suppose -4*c = m*u - 34, -5*c + 28 = -2*c + 5*u. List the prime factors of (-9)/c*786/(-9).
131
Let l(d) = 131*d + 68. Suppose 6*u = -16 + 40. What are the prime factors of l(u)?
2, 37
Suppose 15 = 13*t - 16*t, 2*g + 2*t = 31342. List the prime factors of g.
2, 3919
Let b(w) = -12*w + 9. Suppose -61*f + 20 = -71*f. List the prime factors of b(f).
3, 11
Let p(a) = -59*a**3 - 7*a**2 - 7*a + 3. List the prime factors of p(-4).
5, 739
Suppose 5*j - 27 = -0*n - 3*n, -j + 5*n - 17 = 0. Let v(g) = 5 - 30 + j + 12 + 2*g. What are the prime factors of v(7)?
2
Suppose 42137 = 14*n + 6577. What are the prime factors of n?
2, 5, 127
Suppose 0 = 2*r + 3*s - 24526, -22*r = -20*r + 2*s - 24522. What are the prime factors of r?
7, 17, 103
Suppose -9*d = 42*d - 12*d - 368745. What are the prime factors of d?
5, 31, 61
Let l be ((-90)/(-150))/(1/(-395)). Let q = l + 1051. What are the prime factors of q?
2, 11, 37
Suppose -5 + 2 = -5*x + 3*c, -2*x = -2*c + 2. Let m(k) = -2*k - 1 + 0*k**3 + 8*k**2 + 0*k + k**x - 6*k. List the prime factors of m(-7).
2, 13
Suppose 2*n + 5*p - 33830 - 3060 = 0, -2*n - 2*